 - 0. Suppose k - 5 = -b, 5*b + o*k - 3*k = 25. What are the prime factors of b?
5
Let j = -322 - -488. What are the prime factors of j?
2, 83
Suppose 0 = 4*c - 6*c + 10. Suppose -2*h - 3*h - 4*n - c = 0, -40 = 3*h - 5*n. What are the prime factors of -1 - (h + 1 + -2)?
5
What are the prime factors of 2/7 - (1968/(-21) + 1)?
3, 31
List the prime factors of (672/(-80))/((-1)/5).
2, 3, 7
Suppose -6 = -3*u - 0*u - p, 2*u + 4*p = 4. What are the prime factors of u?
2
Let c = 10 - 4. Let q = 21 - c. What are the prime factors of q?
3, 5
Suppose 35*y - 36*y + 398 = 0. List the prime factors of y.
2, 199
Suppose 0 + 5 = 3*l + 2*b, 4 = 4*l + 4*b. Suppose -5*n + 13 = l. What are the prime factors of 4*((-10)/(-4) - n)?
2
Let w(y) = y**3 - 4*y**2. Let q be w(4). Suppose q = -3*z + 3*x + 156, -2 = -2*x + 8. What are the prime factors of z?
3, 19
Let f(k) = 5*k**2 - 3*k + 2 + 4 - 5 - 5. What are the prime factors of f(3)?
2
Let v = -1 - 3. Let c(k) = 4*k**3 - 15*k**2 - 19*k + 8. Let l(t) = 3*t**3 - 10*t**2 - 13*t + 5. Let z(y) = 5*c(y) - 7*l(y). List the prime factors of z(v).
5
Let c be (0 - 2)/((-3)/6). Suppose -c*h = -0*h - 8. Let b(v) = 3*v - 3. What are the prime factors of b(h)?
3
Let d(l) = 7*l - 22. What are the prime factors of d(6)?
2, 5
Let l = -21 - -12. Let c = -8 + 11. Let w = c - l. List the prime factors of w.
2, 3
Let m be -1 + (2 - 3)*-1. Suppose -2*u + h + 11 = m, 2 = -u + h + 2*h. Let a(c) = c**2 - 5*c + 1. List the prime factors of a(u).
3, 5
Let v(j) = j**3 + 10*j**2 + j + 12. Let z be 6/(-6) - (10 + -1). List the prime factors of v(z).
2
Let u(t) = -t + 4. Let x be u(3). Let n = 0 + x. Let f = 5 - n. List the prime factors of f.
2
What are the prime factors of (1/(1/(-1)))/((-2)/236)?
2, 59
Let l = -6 - -9. Suppose -5*c + 125 = -3*k, l*c = 2*c - 5*k + 25. List the prime factors of c.
5
Let p(m) = m**3 + 2*m**2 + m + 96. List the prime factors of p(0).
2, 3
Let f = -4 + 9. Suppose 4*t + f*w + 0*w = 140, -w + 140 = 4*t. What are the prime factors of t?
5, 7
Suppose -5*t + 4*y + 147 = 5*y, 5*t - y - 153 = 0. List the prime factors of t.
2, 3, 5
Let i = -4 - -7. Suppose i*u + 4*n - 8 + 2 = 0, 2*u - 4 = 5*n. Suppose 5*a + u*c - 4*c = 61, -5*c - 26 = -a. List the prime factors of a.
11
Suppose 2*y = -2*y. Suppose y = 4*p - 6*p + 6. Suppose -p*k + 76 = k. What are the prime factors of k?
19
Suppose 2*r - 18 = -w + 72, 0 = 5*r - 5. Suppose -3*q = u - 39, -4*q = 2*u - 0*q - w. List the prime factors of u.
2, 3
Suppose -5*z - 75 = -5*y, 9*z - 4*z + y + 45 = 0. Let o be 969/(-15) - (-4)/z. List the prime factors of (-4)/18 - o/9.
7
What are the prime factors of ((-59)/2)/(-2*2/8)?
59
Suppose -4*d - 22 = 3*j, 0 = -0*j + 5*j - 3*d + 27. List the prime factors of 2*(-2 + (-27)/j).
5
Suppose 0 = -2*g - 0*g. List the prime factors of 4 - (g + -2) - -1.
7
Let x(s) be the third derivative of s**5/60 - s**4/3 - 2*s**3/3 + 2*s**2. What are the prime factors of x(10)?
2
Suppose 58 + 218 = 4*n. What are the prime factors of n?
3, 23
Let j(d) = d**3 - d**2 - d + 6. Let z be j(0). Let x(v) = -v**3 + 6*v**2 + 2*v - 1. What are the prime factors of x(z)?
11
Suppose -3*q + 240 = -258. What are the prime factors of q?
2, 83
Suppose 5*d - 127 - 173 = 0. What are the prime factors of d?
2, 3, 5
Suppose 3*h + 165 = 3*y, 3*y + h = 2*y + 55. What are the prime factors of y?
5, 11
Suppose v = -3*g + 9, -4*v + 4*g - 28 = -0*v. Let i(s) = -4*s + 1. List the prime factors of i(v).
13
Suppose 3*v + 2*b - 3 = -22, -17 = 5*v - 4*b. Let h = v - -18. What are the prime factors of h?
13
Let y be (-4)/(-10) + (-46)/(-10). Suppose 4*j - y*l = -8, 4*j + 2 = 4*l - 2. What are the prime factors of j?
3
Let n(z) = z**3 - 7*z**2 - 13*z - 4. What are the prime factors of n(9)?
41
Let u be 4/(-6)*9/6. Let c be (2 - 35)*(u - 0). Suppose -c = -q - 2*q. What are the prime factors of q?
11
Suppose p - 3 + 0 = 0. Suppose -3*d - 2*r = -4, -r - r = -p*d + 8. Let l(o) = 2*o**3 - 2*o**2 + 2*o - 2. What are the prime factors of l(d)?
2, 5
What are the prime factors of 81 + (-1)/2*(-6 - -8)?
2, 5
Suppose -5*k + 263 - 43 = 0. Suppose k = -q + 3*q. List the prime factors of q.
2, 11
Suppose -5*i = 3*q - 472, 0 = -0*i - 3*i + 2*q + 268. What are the prime factors of i?
2, 23
Suppose 5*o = -0*o + 45. Let l = 13 - o. List the prime factors of l.
2
Suppose 5*w - 13 = 12. Suppose -4*g = -w - 11. What are the prime factors of g?
2
Let w = 303 + -204. List the prime factors of w.
3, 11
Let s = -5 + 9. Let m(z) = -3*z**2 + 2*z**3 + 0*z**3 - z - z**3. What are the prime factors of m(s)?
2, 3
Let j be (8/12)/(1/3). List the prime factors of 2/(-1)*(-5)/j.
5
Let q = -11 + 6. Let w(i) = i**3 + 4*i**2 - 5*i + 4. What are the prime factors of w(q)?
2
What are the prime factors of (37 - -1) + 1 + (-2)/1?
37
Suppose -11*p + 9*p + 4 = 0. Suppose 0 = -3*l - w + 47, 4*w = 4*l - p*l - 8. List the prime factors of l.
2, 7
Let u(d) = 3*d + 35. List the prime factors of u(0).
5, 7
Let d = 13 + -10. Suppose 2*q + d*h - 22 = 0, 2*q - 3*h - 18 = -5*h. List the prime factors of q.
5
Suppose 0 = -4*d - 16, 2*s = -3*s - 3*d + 88. Suppose 5*f - s = -0*f. Let a = 10 + f. List the prime factors of a.
2, 7
Let z(u) = u**2 + u - 34. Let x be z(0). Let l = x + 47. List the prime factors of l.
13
Suppose 0 = -14*x + 11*x + 354. What are the prime factors of x?
2, 59
Suppose 3*i + 9 = -3*b, 2*i = 5*b + 13 + 2. Suppose f - 116 = -3*f. Suppose i = 2*s + 9 - f. List the prime factors of s.
2, 5
Suppose 2*t - 15 = -3*t. Suppose 2*o - t*l - 14 = 37, o = -3*l + 39. What are the prime factors of o?
2, 3, 5
Let c be 2/(-9)*3*33. Let g = -6 - c. Suppose -2*a + g = -0*a. What are the prime factors of a?
2
Let w(i) be the second derivative of i**3/6 - 2*i. List the prime factors of w(11).
11
Let x = -43 + 66. What are the prime factors of x?
23
Let v = 6 + -2. Suppose -6*n + 2*n - 5*j + 36 = 0, -v*n + 68 = -3*j. List the prime factors of n.
2, 7
Suppose 2*k + 4*x = -16, 0*k + 3*k - 4*x = -44. What are the prime factors of k/(-18) + 34/3?
2, 3
Suppose 4 = 5*w - 4*a, -3*a - 2*a = w - 24. Suppose -d + 14 + w = 3*r, 5*r = -5*d + 50. List the prime factors of d.
2, 3
List the prime factors of 2/(-5) + ((-2862)/15)/(-2).
5, 19
Let w(g) = g**2 - 4*g - 5. Let i be w(-5). Let n = -23 + i. What are the prime factors of n?
17
Let b(k) = 5*k - 2. Let q(n) = -n**2 + 4*n + 7. Let y be q(5). List the prime factors of b(y).
2
List the prime factors of 147/(-14)*((-44)/14 - 2).
2, 3
Let v = 4 + 194. List the prime factors of v.
2, 3, 11
Let o = -31 - -62. What are the prime factors of o?
31
Let i = 1 + -1. Let x(h) = -5*h + 0*h + h**2 + h + i*h**2. List the prime factors of x(5).
5
Let p = 6 - 4. Suppose -2*b + p + 8 = 0. What are the prime factors of b?
5
Let h(b) = -b - 7. Let k be h(-7). Suppose k = -z + 4*z - 36. What are the prime factors of z?
2, 3
Suppose -4*l + 169 = 5*f, l - 6*l + 155 = -5*f. Let y be 1/((-3)/(-2) - 1). Suppose -r - l = -y*k, r = -k + 3 + 9. List the prime factors of k.
2
Let g(a) = 90*a - 19. What are the prime factors of g(3)?
251
Let u(j) = -2*j + 6*j - j + 8 + j + j**2. Suppose 2*i + p = -3*p - 12, 5*i - 4*p = -30. What are the prime factors of u(i)?
2, 5
Let z be (-3)/((-3)/(-2))*1. Let q = -1 + z. Let y(g) = g**2 - 3*g. List the prime factors of y(q).
2, 3
Let c be (20/25)/(2/10). Let f = 7 - c. What are the prime factors of f?
3
Let c = -46 - -65. Suppose 15*m + 56 = c*m. List the prime factors of m.
2, 7
Suppose 5*v + 2*w - 862 = 0, -5*v - 3*w = w - 864. List the prime factors of v.
2, 43
Suppose -8*t = -4 - 12. List the prime factors of t.
2
Let h = -9 + 9. What are the prime factors of 32*2/(h + 2)?
2
Let a(s) = 3*s**2 + 4*s - 3. Let o be a(3). Suppose 0 = -4*y + 8*y + o. Let g = -3 - y. What are the prime factors of g?
2, 3
Suppose 0 = -c + 15. Suppose 5 = -5*o - c. Let m(q) = q**2 + 2*q + 4. List the prime factors of m(o).
2, 3
Suppose 64 = -g - 3*g. List the prime factors of g/(-2) - (1 - -2).
5
Let o = -7 - -9. Let q be 2/9 + (-16)/(-9). List the prime factors of (o/(-5))/(q/(-60)).
2, 3
Let r = -8 - -10. Suppose -r*i + 34 = -5*t, -3*i = t + 2*t - 93. What are the prime factors of i?
3
Let l be 0*3/(-3) - 2. Let d(a) = -5*a**2 - 3*a - 1. Let c be d(l). Let p = -5 - c. List the prime factors of p.
2, 5
Suppose 0 = 5*